 25136987 prime?
True
Is 8364121 composite?
True
Is 1753657 a composite number?
True
Is 1696091 a composite number?
True
Is 15475547 prime?
False
Is 9961993 composite?
True
Is 6661727 a prime number?
True
Is 4441187 a prime number?
True
Is 361623887 prime?
True
Is 1499681 prime?
True
Is 344823 prime?
False
Is 2753587 composite?
False
Is 167112749 prime?
False
Is 35459789 a prime number?
True
Is 1774151 a composite number?
True
Is 183249859 a composite number?
True
Is 68870833 a prime number?
False
Is 12541931 composite?
True
Is 36336709 a prime number?
True
Is 292818043 a prime number?
False
Is 74941 prime?
True
Is 308420185 composite?
True
Is 2557063 a prime number?
True
Is 5362387 a composite number?
True
Is 167093477 prime?
True
Is 2600734 composite?
True
Is 7932403 a composite number?
False
Is 26434459 prime?
True
Is 3446857 a composite number?
False
Is 212149 composite?
True
Is 7388653 a prime number?
True
Is 530017 composite?
False
Is 23722151 a composite number?
False
Is 9572621 prime?
True
Is 131245097 a prime number?
False
Is 67162817 composite?
False
Is 29575421 a composite number?
False
Is 662867 a composite number?
False
Is 20036831 a prime number?
True
Is 11838887 a prime number?
True
Is 19460041 a prime number?
True
Is 13249787 a prime number?
True
Is 43252577 a prime number?
True
Is 9933566 prime?
False
Is 70481323 a composite number?
True
Is 39258941 a prime number?
True
Is 253647001 prime?
False
Is 2402951 a composite number?
False
Is 22625585 composite?
True
Is 58329959 composite?
False
Is 145273 a composite number?
True
Is 9478886 composite?
True
Is 2173139 a composite number?
True
Is 1126381 prime?
True
Is 4695703 a prime number?
False
Is 11608681 prime?
False
Is 102232489 a prime number?
False
Is 3153529 a composite number?
False
Is 5921585 prime?
False
Is 19327637 composite?
True
Is 2828593 composite?
False
Is 87934169 a prime number?
False
Is 9835471 composite?
False
Is 4143241 a prime number?
True
Is 353669299 prime?
False
Is 1014677 a prime number?
True
Is 9955397 composite?
False
Is 234752569 composite?
False
Is 279561 a prime number?
False
Is 22082927 composite?
True
Is 24779927 a composite number?
False
Is 26033597 composite?
True
Is 77193269 composite?
False
Is 11200771 prime?
True
Is 19356301 a prime number?
True
Is 263710569 a composite number?
True
Is 177839 composite?
False
Is 25522009 a prime number?
False
Is 125658829 prime?
False
Is 58844035 prime?
False
Is 126312787 composite?
False
Is 6035199 composite?
True
Is 73462187 composite?
True
Is 60902341 a composite number?
True
Is 156043733 a prime number?
False
Is 266113 prime?
False
Is 5316887 a composite number?
True
Is 14729333 a composite number?
True
Is 3625243 prime?
True
Is 592507 composite?
False
Is 18572897 a composite number?
True
Is 4593815 prime?
False
Is 51477161 a composite number?
False
Is 30464921 a composite number?
True
Is 13552171 prime?
True
Is 10020473 composite?
True
Is 2305091 composite?
False
Is 59860831 composite?
True
Is 14612126 a prime number?
False
Is 15623827 a composite number?
False
Is 41445323 a composite number?
True
Is 24884609 prime?
False
Is 1064839 prime?
False
Is 21017737 a composite number?
True
Is 6837709 a prime number?
False
Is 36706963 prime?
True
Is 10685453 prime?
True
Is 54037283 a prime number?
False
Is 7035689 composite?
True
Is 1899347 prime?
True
Is 4430201 prime?
True
Is 8333129 a composite number?
True
Is 1665757 a composite number?
False
Is 473619319 prime?
True
Is 2855807 a prime number?
True
Is 24619129 composite?
True
Is 65267749 prime?
True
Is 4403129 a prime number?
True
Is 679661 composite?
True
Is 351427 composite?
False
Is 36076921 a prime number?
True
Is 574225079 a composite number?
False
Is 2344445 a prime number?
False
Is 53619211 a composite number?
False
Is 44403941 a composite number?
False
Is 28595879 a prime number?
False
Is 8094281 a prime number?
False
Is 25614689 composite?
False
Is 205062443 composite?
True
Is 5911309 a prime number?
True
Is 1689461 a composite number?
True
Is 7425623 a composite number?
False
Is 42277303 prime?
True
Is 2025467 a composite number?
False
Is 46199 a prime number?
True
Is 6347929 a composite number?
True
Is 17368343 prime?
False
Is 14791879 composite?
False
Is 21669493 a prime number?
True
Is 18978959 a composite number?
False
Is 366905779 a prime number?
False
Is 63556517 composite?
True
Is 6477371 a prime number?
True
Is 6034901 composite?
True
Is 3986579 composite?
True
Is 7681211 composite?
True
Is 56569501 a prime number?
False
Is 1004449 composite?
False
Is 1516753 a composite number?
True
Is 27079231 a prime number?
True
Is 220061 a prime number?
False
Is 1932247 prime?
True
Is 25156961 a prime number?
True
Is 6449309 a prime number?
True
Is 6489467 a composite number?
True
Is 51202537 a composite number?
False
Is 255659 a prime number?
True
Is 78508079 prime?
False
Is 1079191 composite?
True
Is 5052407 composite?
False
Is 2517913 composite?
True
Is 13831583 a prime number?
False
Is 98703073 a composite number?
True
Is 11530117 composite?
False
Is 8627287 a prime number?
False
Is 37421 composite?
True
Is 1680601 prime?
False
Is 204478903 prime?
True
Is 68506831 composite?
False
Is 11403913 a prime number?
True
Is 221559243 a composite number?
True
Is 10657301 a prime number?
True
Is 28099417 a prime number?
True
Is 8614729 a prime number?
True
Is 2858462 prime?
False
Is 9967249 prime?
True
Is 149354827 prime?
True
Is 196597 prime?
True
Is 91193 a composite number?
False
Is 17962351 a composite number?
True
Is 1092731 prime?
True
Is 2417419 a prime number?
True
Is 129719 prime?
True
Is 882084317 a prime number?
True
Is 690953009 prime?
False
Is 11343595 a composite number?
True
Is 5509043 a prime number?
False
Is 491627 composite?
False
Is 77173739 prime?
False
Is 993375211 a prime number?
True
Is 42105827 a composite number?
False
Is 1468979 a composite number?
True
Is 159385049 composite?
False
Is 9200215 prime?
False
Is 230839157 prime?
True
Is 5574801 a prime number?
False
Is 226691839 a prime number?
False
Is 101892137 composite?
False
Is 163828729 composite?
True
Is 54158186 a composite number?
True
Is 159787 a composite number?
False
Is 18471757 composite?
False
Is 15964999 prime?
True
Is 17492267 composite?
True
Is 1308365 prime?
False
Is 86098 a composite number?
True
Is 11507899 a prime number?
False
Is 65799493 composite?
True
Is 15036977 a prime number?
False
Is 322891 prime?
True
Is 4054667 composite?
False
Is 887995139 a prime number?
True
Is 17389891 prime?
True
Is 365871089 composite?
False
Is 10563401 composite?
True
Is 235297 a prime number?
False
Is 325407547 prime?
False
Is 340966061 a prime number?
False
Is 14956549 prime?
False
Is 374587 composite?
False
Is 238635073 prime?
True
Is 33151361 prime?
False
Is 123533647 a composite number?
False
Is 1199773 prime?
False
Is 83638257 a composite number?
True
Is 11113721 a prime number?
True
Is 7806382 a prime number?
False
Is 644303747 a composite number?
True
Is 11318561 prime?
False
Is 4723241 composite?
True
Is 41460071 prime?
False
Is 824377 composite?
True
Is 765127 a prime number?
False
Is 17342653 prime?
True
Is 3873251 composite?
True
Is 1152113 a prime number?
True
Is 2006573 a composite number?
False
Is 12787763 prime?
True
Is 27965621 a composite number?
False
Is 13087819 a composite number?
False
Is 2027371 a prime number?
True
Is 220025735 a composite number?
True
Is 33561679 prime?
True
Is 2198959 prime?
False
Is 10759669 prime?
True
Is 25380547 prime?
False
Is 232077499 a prime number?
False
Is 8668347 composite?
True
Is 4380637 composite?
False
Is 117103919 a composite number?
False
Is 3047435 a prime number?
False
Is 68775197 composite?
False
Is 21700307 a prime number?
False
Is 15856199 a composite number?
True
Is 1320847 composite?
True
Is 646211 prime?
False
Is 1343183 composite?
False
Is 27478603 composite?
False
Is 54686741 composite?
False
Is 19399301 prime?
False
Is 380651365 prime?
False
Is 762194 a prime number?
False
Is 20651758 composite?
True
Is 208248899 a prime number?
False
Is 8450773 a prime number?
True
Is 1803419 a composite number?
False
Is 38837 composite?
True
Is 852521 a composite number?
False
Is 103542823 composite?
True
Is 1955851795 compos